{"id":887,"date":"2023-04-03T19:27:54","date_gmt":"2023-04-03T19:27:54","guid":{"rendered":"https:\/\/jornadasaepdiri2023.com\/?page_id=887"},"modified":"2023-06-26T18:59:33","modified_gmt":"2023-06-26T18:59:33","slug":"recomendaciones-desplazamientos","status":"publish","type":"page","link":"https:\/\/jornadasaepdiri2023.com\/index.php\/recomendaciones-desplazamientos\/","title":{"rendered":"Recomendaciones Desplazamientos"},"content":{"rendered":"<section class=\"wpb-content-wrapper\"><p>[vc_row content_bg_color=\u00bbbg-grey\u00bb css=\u00bb.vc_custom_1680541824368{padding-top: 50px !important;padding-bottom: 30px !important;background-image: url(https:\/\/jornadasaepdiri2023.com\/wp-content\/uploads\/2023\/04\/Recurso-18-copia-1.jpg?id=806) !important;background-position: center !important;background-repeat: no-repeat !important;background-size: cover !important;}\u00bb][vc_column][vc_empty_space height=\u00bb75px\u00bb]       \n      <div class=\"mo-title-box title-box-style1  text-center\"  ><h5>INFORMACI\u00d3N \u00daTIL<\/h5><h3>Recomendaciones<\/h3> <\/div>\n    [\/vc_column][\/vc_row][vc_row content_bg_color=\u00bbbg-grey\u00bb css=\u00bb.vc_custom_1680540859599{padding-top: 0px !important;padding-bottom: 0px !important;background-position: center !important;background-repeat: no-repeat !important;background-size: cover !important;}\u00bb][vc_column][vc_row_inner css=\u00bb.vc_custom_1680540746018{padding-top: 15px !important;padding-right: 10% !important;padding-left: 10% !important;}\u00bb el_class=\u00bbsm_no_padding\u00bb][vc_column_inner width=\u00bb1\/3&#8243;]\t\t<div class=\"service iconbox   icon-box-style5\" >\n\t\t    \t\t  <div class=\"title-wrap\">\n\t\t\t   <h6>COMPA\u00d1\u00cdA A\u00c9REA<\/h6>\t\t\t   <a class=\"button btn-absolute\" href=\"#compa\u00f1\u00eda-aerea\" target=\"_self\"><span class=\"button-text\">Read More<\/span><\/a>          <\/div>\n\t\t<\/div>\n        <div class=\"clearfix\"><\/div>\n    [\/vc_column_inner][vc_column_inner width=\u00bb1\/3&#8243;]\t\t<div class=\"service iconbox   icon-box-style5\" >\n\t\t    \t\t  <div class=\"title-wrap\">\n\t\t\t   <h6>AGENCIA DE VIAJES<\/h6>\t\t\t   <a class=\"button btn-absolute\" href=\"#agencia-viajes\" target=\"_self\"><span class=\"button-text\">Read More<\/span><\/a>          <\/div>\n\t\t<\/div>\n        <div class=\"clearfix\"><\/div>\n    [\/vc_column_inner][vc_column_inner width=\u00bb1\/3&#8243;]\t\t<div class=\"service iconbox   icon-box-style5\" >\n\t\t    \t\t  <div class=\"title-wrap\">\n\t\t\t   <h6>HOTELES<\/h6>\t\t\t   <a class=\"button btn-absolute\" href=\"#hoteles\" target=\"_self\"><span class=\"button-text\">Read More<\/span><\/a>          <\/div>\n\t\t<\/div>\n        <div class=\"clearfix\"><\/div>\n    [\/vc_column_inner][\/vc_row_inner][\/vc_column][\/vc_row][vc_row content_bg_color=\u00bbbg-grey\u00bb css=\u00bb.vc_custom_1680540859599{padding-top: 0px !important;padding-bottom: 0px !important;background-position: center !important;background-repeat: no-repeat !important;background-size: cover !important;}\u00bb][vc_column][vc_empty_space height=\u00bb75px\u00bb][vc_column_text]<\/p>\n<p id=\"compa\u00f1\u00eda-aerea\" style=\"font-weight: 400;\">A continuaci\u00f3n se indican algunas compa\u00f1\u00edas a\u00e9reas, agencias de viajes y hoteles recomendados en Las Palmas de Gran Canaria.<\/p>\n<p style=\"font-weight: 400;\">El lugar de celebraci\u00f3n de las XXX Jornadas es en el Paraninfo del Rectorado de la Universidad de Las Palmas de Gran Canaria (ULPGC), ubicado en <strong>Calle Juan de Quesada, 30 <\/strong>(<em><a href=\"https:\/\/goo.gl\/maps\/KpEvphjL76aT52yS6\">https:\/\/goo.gl\/maps\/KpEvphjL76aT52yS6<\/a><\/em>). Se encuentra en el casco hist\u00f3rico de la ciudad de Las Palmas de Gran Canaria.<\/p>\n<p>[\/vc_column_text][vc_empty_space height=\u00bb75px\u00bb][\/vc_column][\/vc_row][vc_row content_bg_color=\u00bbbg-grey\u00bb css=\u00bb.vc_custom_1680540859599{padding-top: 0px !important;padding-bottom: 0px !important;background-position: center !important;background-repeat: no-repeat !important;background-size: cover !important;}\u00bb][vc_column]       \n      <div class=\"mo-title-box title-box-style1  text-center\"  ><h3>Compa\u00f1\u00eda A\u00e9rea<\/h3> <\/div>\n    [\/vc_column][\/vc_row][vc_row content_placement=\u00bbmiddle\u00bb content_bg_color=\u00bbbg-grey\u00bb css=\u00bb.vc_custom_1687789972886{padding-top: 100px !important;padding-bottom: 100px !important;background-position: center !important;background-repeat: no-repeat !important;background-size: cover !important;}\u00bb][vc_column width=\u00bb1\/2&#8243;][vc_media_grid element_width=\u00bb6&#8243; grid_id=\u00bbvc_gid:1687805694085-61385a0b-a70e-10&#8243; include=\u00bb1335,1324,1321,1297&#8243;][\/vc_column][vc_column width=\u00bb1\/2&#8243;][vc_column_text css=\u00bb.vc_custom_1687790873476{padding-top: 200px !important;}\u00bb]<\/p>\n<div>\n<h4><strong>Aerol\u00edneas Binter<\/strong><\/h4>\n<p class=\"xxmsonormal\">Opera desde los siguientes destinos de la Pen\u00ednsula: A Coru\u00f1a, Vitoria, Oviedo, Granada, Ibiza, Jerez, Menorca, Murcia, Palma de Mallorca, Pamplona, San Sebasti\u00e1n, Santander, Valladolid, Vigo y Zaragoza.<\/p>\n<\/div>\n<p>[\/vc_column_text]     <div class=\"text-center \">\n       <a class=\"button btn-solid btn-txt-circle light hr_light bg_primary bg_hr_primary outline_grey outline_hr_grey medium radius5 linear\"  href=\"https:\/\/www.bintercanarias.com\/es\/compra\/eleccion-vuelo\" target=\"_self\"><span class=\"button-text\">Ver vuelos<\/span>\n                            <\/a> \n\t <\/div>\n    [vc_column_text css=\u00bb.vc_custom_1687795107788{padding-top: 200px !important;}\u00bb]<\/p>\n<p id=\"agencia-viajes\">[\/vc_column_text][\/vc_column][\/vc_row][vc_row content_bg_color=\u00bbbg-grey\u00bb css=\u00bb.vc_custom_1680540859599{padding-top: 0px !important;padding-bottom: 0px !important;background-position: center !important;background-repeat: no-repeat !important;background-size: cover !important;}\u00bb][vc_column]       \n      <div class=\"mo-title-box title-box-style1  text-center\"  ><h3>Agencia de Viajes<\/h3> <\/div>\n    [vc_column_text]Para los desplazamientos a Gran Canaria y para reservar alojamiento por la zona de Las Canteras preferentemente.[\/vc_column_text][\/vc_column][\/vc_row][vc_row content_placement=\u00bbmiddle\u00bb content_bg_color=\u00bbbg-grey\u00bb css=\u00bb.vc_custom_1687789972886{padding-top: 100px !important;padding-bottom: 100px !important;background-position: center !important;background-repeat: no-repeat !important;background-size: cover !important;}\u00bb][vc_column width=\u00bb1\/2&#8243;][vc_column_text]<\/p>\n<h4 style=\"font-weight: 400;\"><strong>Viajes Insular<\/strong><\/h4>\n<p style=\"font-weight: 400;\">Recomendado para gesti\u00f3n de vuelos y de hoteles en el entorno de la playa de Las Canteras.<\/p>\n<p style=\"font-weight: 400;\">El <strong>Hotel Reina Isabel<\/strong> ser\u00e1 el hotel de estancia de moderadores y ponentes de las Jornadas. Est\u00e1 a unos 15 minutos en coche\/taxi y a unos 30 minutos en transporte p\u00fablico.<\/p>\n<p style=\"font-weight: 400;\"><strong>C\u00d3DIGO DE DESCUENTO:<\/strong> VI Aepdiri (c\u00f3digo de descuento del del 5% en todos los servicios que sean solicitados).<\/p>\n<p style=\"font-weight: 400;\">En el email de petici\u00f3n (dirigido a <a href=\"mailto:empresas@viajesinsular.es\">empresas@viajesinsular.es<\/a>) deber\u00e1n identificar en el ASUNTO: VI Aepdiri \u2013 NOMBRE PERSONA e indicar los servicios que desean contratar con fecha, trayectos, hotel, nombres completos seg\u00fan aparece en su documentaci\u00f3n, n\u00famero de personas, etc.<\/p>\n<p style=\"font-weight: 400;\">Direcci\u00f3n: Pintor Juan Guillermo,10, Las Palmas de Gran Canaria, Espa\u00f1a<\/p>\n<p style=\"font-weight: 400;\">Tel\u00e9fono: 928 653 999<\/p>\n<p>[\/vc_column_text]     <div class=\"text-center \">\n       <a class=\"button btn-solid btn-txt-circle light hr_light bg_primary bg_hr_primary outline_grey outline_hr_grey medium radius5 linear\"  href=\"http:\/\/www.viajesinsular.es\" target=\"_self\"><span class=\"button-text\">Ver Viajes Insular<\/span>\n                            <\/a> \n\t <\/div>\n    [\/vc_column][vc_column width=\u00bb1\/2&#8243;][vc_media_grid element_width=\u00bb6&#8243; grid_id=\u00bbvc_gid:1687805694086-19f1aa5d-bef4-6&#8243; include=\u00bb1340,1210,1311,1012&#8243;][\/vc_column][\/vc_row][vc_row content_placement=\u00bbmiddle\u00bb content_bg_color=\u00bbbg-grey\u00bb css=\u00bb.vc_custom_1687789972886{padding-top: 100px !important;padding-bottom: 100px !important;background-position: center !important;background-repeat: no-repeat !important;background-size: cover !important;}\u00bb][vc_column width=\u00bb1\/2&#8243;][vc_media_grid element_width=\u00bb6&#8243; grid_id=\u00bbvc_gid:1687805694087-b6b7fde6-b743-9&#8243; include=\u00bb1358,1014,1015,1017&#8243;][\/vc_column][vc_column width=\u00bb1\/2&#8243;][vc_column_text]<\/p>\n<h4 style=\"font-weight: 400;\"><strong>CanariasViaja.com<\/strong><\/h4>\n<p style=\"font-weight: 400;\">Servicios de agencia de viaje. Ofrecen vuelos y paquetes desde los destinos que opera Binter Canarias.<\/p>\n<p><strong>Oferta Exclusiva para la AEPDIRI:<\/strong> 5% de descuento en todos los productos.<\/p>\n<p>Para canjearlo solo tendr\u00e1s que escoger la experiencia, insertar el cup\u00f3n \u00abAEPDIRI23\u00bb y disfrutar del viaje. Valido solo para compras online hasta el 31\/12\/23<\/p>\n<p style=\"font-weight: 400;\">Correo electr\u00f3nico: <a href=\"mailto:info@canariasviaja.com\">clientes@canariasviaja.com<\/a><\/p>\n<p style=\"font-weight: 400;\">P\u00e1gina web: <a href=\"https:\/\/www.canariasviaja.com\/\">https:\/\/www.canariasviaja.com\/<\/a><\/p>\n<p style=\"font-weight: 400;\">Tel\u00e9fonos: 928 24 81 61\/ 616 78 99 67<\/p>\n<p>[\/vc_column_text]     <div class=\"text-center \">\n       <a class=\"button btn-solid btn-txt-circle light hr_light bg_primary bg_hr_primary outline_grey outline_hr_grey medium radius5 linear\"  href=\"https:\/\/www.canariasviaja.com\/\" target=\"_self\"><span class=\"button-text\">Ver CanariasViaja.com<\/span>\n                            <\/a> \n\t <\/div>\n    [vc_column_text]<\/p>\n<p id=\"hoteles\">[\/vc_column_text][\/vc_column][\/vc_row][vc_row content_bg_color=\u00bbbg-grey\u00bb css=\u00bb.vc_custom_1680540859599{padding-top: 0px !important;padding-bottom: 0px !important;background-position: center !important;background-repeat: no-repeat !important;background-size: cover !important;}\u00bb][vc_column]       \n      <div class=\"mo-title-box title-box-style1  text-center\"  ><h3>Hoteles<\/h3> <\/div>\n    [\/vc_column][\/vc_row][vc_row content_placement=\u00bbmiddle\u00bb content_bg_color=\u00bbbg-grey\u00bb css=\u00bb.vc_custom_1687789972886{padding-top: 100px !important;padding-bottom: 100px !important;background-position: center !important;background-repeat: no-repeat !important;background-size: cover !important;}\u00bb][vc_column width=\u00bb1\/2&#8243;][vc_media_grid element_width=\u00bb6&#8243; grid_id=\u00bbvc_gid:1687805694087-46907f98-b55b-8&#8243; include=\u00bb1361,1362,1363,1364&#8243;][\/vc_column][vc_column width=\u00bb1\/2&#8243;][vc_column_text]<\/p>\n<h5><strong>Hotel Santa Catalina <\/strong><\/h5>\n<p>(cinco estrellas Gran Lujo) \u2013 lugar de celebraci\u00f3n de la cena de gala de las XXX Jornadas.<\/p>\n<p style=\"font-weight: 400;\"><strong>Direcci\u00f3n:<\/strong> C. Le\u00f3n y Castillo, 227, s\/n, 35005 Las Palmas de Gran Canaria, Las Palmas, Espa\u00f1a<\/p>\n<p style=\"font-weight: 400;\"><strong>C\u00d3DIGO DESCUENTO:<\/strong> <strong>JAEPDIRI23 (10% y posibilidad de 10% adicional)<\/strong><\/p>\n<p style=\"font-weight: 400;\">Este c\u00f3digo debe ser aplicado en la siguiente secci\u00f3n en la WEB BARCELO.\u00a0<a href=\"https:\/\/urldefense.com\/v3\/__http:\/www.barcelo.com\/__;!!D9dNQwwGXtA!VsVKBFAwZpgMUcAcwnBPA-AQU1lsJLbjxw-t3phofTRMF4TcpEHJFftL578iOsVY8-EfbLnLK88hjtpVigcklKIko8e1KRW_EjFj$\">www.barcelo.com<\/a>. Una vez elegido el hotel y las fechas, previo a elegir la categor\u00eda de habitaci\u00f3n en el anterior apartado de CODIGO se debe introducir dicho c\u00f3digo.<\/p>\n<p style=\"font-weight: 400;\">El c\u00f3digo de descuento aplica el 10% sobre la tarifa flexible publicada en la web al momento de reservar, esto es acumulable a otro 10% adicional si el cliente se hace miembro del programa MyBarcelo tambi\u00e9n directamente desde la WEB.<\/p>\n<p>[\/vc_column_text]     <div class=\"text-center \">\n       <a class=\"button btn-solid btn-txt-circle light hr_light bg_primary bg_hr_primary outline_grey outline_hr_grey medium radius5 linear\"  href=\"https:\/\/www.barcelo.com\/es-ww\/santa-catalina-a-royal-hideaway-hotel\/\" target=\"_self\"><span class=\"button-text\">Acceder a Hotel Santa Catalina<\/span>\n                            <\/a> \n\t <\/div>\n    [\/vc_column][\/vc_row][vc_row content_placement=\u00bbmiddle\u00bb content_bg_color=\u00bbbg-grey\u00bb css=\u00bb.vc_custom_1687789972886{padding-top: 100px !important;padding-bottom: 100px !important;background-position: center !important;background-repeat: no-repeat !important;background-size: cover !important;}\u00bb][vc_column width=\u00bb1\/2&#8243;][vc_media_grid element_width=\u00bb6&#8243; grid_id=\u00bbvc_gid:1687805694088-2bc4777e-3b30-10&#8243; include=\u00bb1365,1366,1367,1368&#8243;][\/vc_column][vc_column width=\u00bb1\/2&#8243;][vc_column_text]<\/p>\n<h5><strong>Hotel Occidental Las Palmas<\/strong><\/h5>\n<p>(cuatro estrellas). A 50 metros del lugar de celebraci\u00f3n de la cena de gala de las XXX Jornadas<\/p>\n<p style=\"font-weight: 400;\"><strong>Direcci\u00f3n:<\/strong> C. Le\u00f3n y Castillo, 244, 35005 Las Palmas de Gran Canaria, Las Palmas, Espa\u00f1a<\/p>\n<p style=\"font-weight: 400;\"><strong>C\u00d3DIGO DESCUENTO:<\/strong> <strong>JAEPDIRI23 (10% y posibilidad de 10% adicional)<\/strong><\/p>\n<p style=\"font-weight: 400;\">Este c\u00f3digo debe ser aplicado en la siguiente secci\u00f3n en la WEB BARCELO.\u00a0<a href=\"https:\/\/urldefense.com\/v3\/__http:\/www.barcelo.com\/__;!!D9dNQwwGXtA!VsVKBFAwZpgMUcAcwnBPA-AQU1lsJLbjxw-t3phofTRMF4TcpEHJFftL578iOsVY8-EfbLnLK88hjtpVigcklKIko8e1KRW_EjFj$\">www.barcelo.com<\/a>. Una vez elegido el hotel y las fechas, previo a elegir la categor\u00eda de habitaci\u00f3n en el anterior apartado de CODIGO se debe introducir dicho c\u00f3digo.<\/p>\n<p style=\"font-weight: 400;\">El c\u00f3digo de descuento aplica el 10% sobre la tarifa flexible publicada en la web al momento de reservar, esto es acumulable a otro 10% adicional si el cliente se hace miembro del programa MyBarcelo tambi\u00e9n directamente desde la WEB.<\/p>\n<p>[\/vc_column_text]     <div class=\"text-center \">\n       <a class=\"button btn-solid btn-txt-circle light hr_light bg_primary bg_hr_primary outline_grey outline_hr_grey medium radius5 linear\"  href=\"https:\/\/www.barcelo.com\/es-ww\/occidental-las-palmas\/\" target=\"_self\"><span class=\"button-text\">Acceder a Hotel Occidental Las Palmas<\/span>\n                            <\/a> \n\t <\/div>\n    [\/vc_column][\/vc_row][vc_row content_placement=\u00bbmiddle\u00bb content_bg_color=\u00bbbg-grey\u00bb css=\u00bb.vc_custom_1687789972886{padding-top: 100px !important;padding-bottom: 100px !important;background-position: center !important;background-repeat: no-repeat !important;background-size: cover !important;}\u00bb][vc_column width=\u00bb1\/2&#8243;][vc_media_grid element_width=\u00bb6&#8243; grid_id=\u00bbvc_gid:1687805694088-96d259cd-72b0-6&#8243; include=\u00bb1369,1370,1371,1372&#8243;][\/vc_column][vc_column width=\u00bb1\/2&#8243;][vc_column_text]<\/p>\n<div>\n<h5><strong>Boutique Hotel Cordial Plaza Mayor de Santa Ana<\/strong><\/h5>\n<p>(cuatro estrellas)<\/p>\n<div>\n<p class=\"xxmsonormal\">Direcci\u00f3n: Plaza Sta. Ana, 5, 35001 Las Palmas de Gran Canaria, Las Palmas, Espa\u00f1a<\/p>\n<div>\n<p class=\"xxmsonormal\">Tel\u00e9fono: +34 928 14 33 93<\/p>\n<\/div>\n<\/div>\n<p class=\"xxmsonormal\"><b>C\u00d3DIGO DESCUENTO:<\/b> <b>AEPDIRI<\/b><b> <\/b>(17% de descuento) y es v\u00e1lido para estancias comprendidas entre el 15\/09\/2023 hasta el 30\/09\/23.<\/p>\n<\/div>\n<div>\n<p class=\"xxmsonormal\">Este c\u00f3digo se puede aplicar en reservas en la p\u00e1gina web <a href=\"https:\/\/urldefense.com\/v3\/__http:\/www.becordial.com\/__;!!D9dNQwwGXtA!Xx1AkmfSmjUlP-_GkYFJmsiJJxWBECTjq4KjNtTYICvz8uhfY3kKRZHVg0UjtJyQ21wvttaBtCIJ_mJeR2QReV8U$\" target=\"_blank\" rel=\"noopener\">www.becordial.com<\/a>.<\/p>\n<\/div>\n<p>[\/vc_column_text]     <div class=\"text-center \">\n       <a class=\"button btn-solid btn-txt-circle light hr_light bg_primary bg_hr_primary outline_grey outline_hr_grey medium radius5 linear\"  href=\"https:\/\/becordial.com\/las-palmas-de-gran-canaria\/boutique-hotel-cordial-plaza-mayor-de-santa-ana\/\" target=\"_self\"><span class=\"button-text\">Acceder a Hotel Plaza Mayor Santa Ana<\/span>\n                            <\/a> \n\t <\/div>\n    [\/vc_column][\/vc_row][vc_row content_placement=\u00bbmiddle\u00bb content_bg_color=\u00bbbg-grey\u00bb css=\u00bb.vc_custom_1687789972886{padding-top: 100px !important;padding-bottom: 100px !important;background-position: center !important;background-repeat: no-repeat !important;background-size: cover !important;}\u00bb][vc_column width=\u00bb1\/2&#8243;][vc_media_grid element_width=\u00bb6&#8243; grid_id=\u00bbvc_gid:1687805694089-58aa0a80-574e-5&#8243; include=\u00bb1373,1374,1375,1376&#8243;][\/vc_column][vc_column width=\u00bb1\/2&#8243;][vc_column_text]<\/p>\n<div>\n<h5><strong>Boutique Hotel La Ni\u00f1a de Vegueta<\/strong><\/h5>\n<p>(cuatro estrellas)<\/p>\n<div>\n<p class=\"xxmsonormal\">Direcci\u00f3n: Calle Dr. Chil, 13, 35001 Las Palmas de Gran Canaria, Las Palmas, Espa\u00f1a<\/p>\n<div>\n<p class=\"xxmsonormal\">Tel\u00e9fono: +34 928 32 63 38<\/p>\n<\/div>\n<\/div>\n<p class=\"xxmsonormal\"><b>C\u00d3DIGO DESCUENTO:<\/b> <b>AEPDIRI<\/b><b> <\/b>(17% de descuento) y es v\u00e1lido para estancias comprendidas entre el 15\/09\/2023 hasta el 30\/09\/23.<\/p>\n<\/div>\n<div>\n<p class=\"xxmsonormal\">Este c\u00f3digo se puede aplicar en reservas en la p\u00e1gina web <a href=\"https:\/\/urldefense.com\/v3\/__http:\/www.becordial.com\/__;!!D9dNQwwGXtA!Xx1AkmfSmjUlP-_GkYFJmsiJJxWBECTjq4KjNtTYICvz8uhfY3kKRZHVg0UjtJyQ21wvttaBtCIJ_mJeR2QReV8U$\" target=\"_blank\" rel=\"noopener\">www.becordial.com<\/a>.<\/p>\n<\/div>\n<p>[\/vc_column_text]     <div class=\"text-center \">\n       <a class=\"button btn-solid btn-txt-circle light hr_light bg_primary bg_hr_primary outline_grey outline_hr_grey medium radius5 linear\"  href=\"https:\/\/becordial.com\/las-palmas-de-gran-canaria\/boutique-hotel-cordial-la-nina-de-vegueta\/\" target=\"_self\"><span class=\"button-text\">Acceder a Hotel La Ni\u00f1a de Vegueta<\/span>\n                            <\/a> \n\t <\/div>\n    [\/vc_column][\/vc_row][vc_row content_placement=\u00bbmiddle\u00bb content_bg_color=\u00bbbg-grey\u00bb css=\u00bb.vc_custom_1687789972886{padding-top: 100px !important;padding-bottom: 100px !important;background-position: center !important;background-repeat: no-repeat !important;background-size: cover !important;}\u00bb][vc_column width=\u00bb1\/2&#8243;][vc_media_grid element_width=\u00bb6&#8243; grid_id=\u00bbvc_gid:1687805694089-0817198a-81da-4&#8243; include=\u00bb1377,1378,1379,1380&#8243;][\/vc_column][vc_column width=\u00bb1\/2&#8243;][vc_column_text]<\/p>\n<div>\n<h5><strong>Boutique Hotel Cordial Malteses <\/strong><\/h5>\n<p>(cuatro estrellas)<\/p>\n<div>\n<p style=\"font-weight: 400;\">Direcci\u00f3n: Calle Dr. Rafael Gonz\u00e1lez, 3, 35002 Las Palmas de Gran Canaria, Las Palmas, Espa\u00f1a.<\/p>\n<div>\n<p style=\"font-weight: 400;\">Tel\u00e9fono: +34 928 40 25 75<\/p>\n<\/div>\n<\/div>\n<p class=\"xxmsonormal\"><b>C\u00d3DIGO DESCUENTO:<\/b> <b>AEPDIRI<\/b><b> <\/b>(17% de descuento) y es v\u00e1lido para estancias comprendidas entre el 15\/09\/2023 hasta el 30\/09\/23.<\/p>\n<\/div>\n<div>\n<p class=\"xxmsonormal\">Este c\u00f3digo se puede aplicar en reservas en la p\u00e1gina web <a href=\"https:\/\/urldefense.com\/v3\/__http:\/www.becordial.com\/__;!!D9dNQwwGXtA!Xx1AkmfSmjUlP-_GkYFJmsiJJxWBECTjq4KjNtTYICvz8uhfY3kKRZHVg0UjtJyQ21wvttaBtCIJ_mJeR2QReV8U$\" target=\"_blank\" rel=\"noopener\">www.becordial.com<\/a>.<\/p>\n<\/div>\n<p>[\/vc_column_text]     <div class=\"text-center \">\n       <a class=\"button btn-solid btn-txt-circle light hr_light bg_primary bg_hr_primary outline_grey outline_hr_grey medium radius5 linear\"  href=\"https:\/\/becordial.com\/las-palmas-de-gran-canaria\/boutique-hotel-cordial-malteses\/\" target=\"_self\"><span class=\"button-text\">Acceder a Hotel Cordial Malteses<\/span>\n                            <\/a> \n\t <\/div>\n    [\/vc_column][\/vc_row][vc_row content_placement=\u00bbmiddle\u00bb content_bg_color=\u00bbbg-grey\u00bb css=\u00bb.vc_custom_1687789972886{padding-top: 100px !important;padding-bottom: 100px !important;background-position: center !important;background-repeat: no-repeat !important;background-size: cover !important;}\u00bb][vc_column width=\u00bb1\/2&#8243;][vc_media_grid element_width=\u00bb6&#8243; grid_id=\u00bbvc_gid:1687805694090-28badf56-8bba-4&#8243; include=\u00bb1381,1382,1383,1384&#8243;][\/vc_column][vc_column width=\u00bb1\/2&#8243;][vc_column_text]<\/p>\n<div>\n<h5><strong>Boutique Hotel Cordial La Peregrina <\/strong><\/h5>\n<p>(cuatro estrellas)<\/p>\n<div>\n<div>\n<p class=\"xxmsonormal\">Direcci\u00f3n: C. Peregrina, 2, 35002 Las Palmas de Gran Canaria, Las Palmas, Espa\u00f1a<\/p>\n<\/div>\n<div>\n<div>\n<p class=\"xxmsonormal\">Tel\u00e9fono: +34 928 91 42 39<\/p>\n<\/div>\n<\/div>\n<\/div>\n<p class=\"xxmsonormal\"><b>C\u00d3DIGO DESCUENTO:<\/b> <b>AEPDIRI<\/b><b> <\/b>(17% de descuento) y es v\u00e1lido para estancias comprendidas entre el 15\/09\/2023 hasta el 30\/09\/23.<\/p>\n<\/div>\n<div>\n<p class=\"xxmsonormal\">Este c\u00f3digo se puede aplicar en reservas en la p\u00e1gina web <a href=\"https:\/\/urldefense.com\/v3\/__http:\/www.becordial.com\/__;!!D9dNQwwGXtA!Xx1AkmfSmjUlP-_GkYFJmsiJJxWBECTjq4KjNtTYICvz8uhfY3kKRZHVg0UjtJyQ21wvttaBtCIJ_mJeR2QReV8U$\" target=\"_blank\" rel=\"noopener\">www.becordial.com<\/a>.<\/p>\n<\/div>\n<p>[\/vc_column_text]     <div class=\"text-center \">\n       <a class=\"button btn-solid btn-txt-circle light hr_light bg_primary bg_hr_primary outline_grey outline_hr_grey medium radius5 linear\"  href=\"https:\/\/becordial.com\/las-palmas-de-gran-canaria\/boutique-hotel-cordial-malteses\/\" target=\"_self\"><span class=\"button-text\">Acceder a La Peregrina<\/span>\n                            <\/a> \n\t <\/div>\n    [\/vc_column][\/vc_row]<\/p>\n<\/section>","protected":false},"excerpt":{"rendered":"<p>[vc_row content_bg_color=\u00bbbg-grey\u00bb css=\u00bb.vc_custom_1680541824368{padding-top: 50px !important;padding-bottom: 30px !important;background-image: url(https:\/\/jornadasaepdiri2023.com\/wp-content\/uploads\/2023\/04\/Recurso-18-copia-1.jpg?id=806) !important;background-position: center !important;background-repeat: no-repeat !important;background-size: cover !important;}\u00bb][vc_column][vc_empty_space height=\u00bb75px\u00bb][\/vc_column][\/vc_row][vc_row content_bg_color=\u00bbbg-grey\u00bb css=\u00bb.vc_custom_1680540859599{padding-top: 0px !important;padding-bottom: 0px !important;background-position: center !important;background-repeat: no-repeat !important;background-size: cover !important;}\u00bb][vc_column][vc_row_inner css=\u00bb.vc_custom_1680540746018{padding-top: 15px !important;padding-right: 10% !important;padding-left: 10% !important;}\u00bb el_class=\u00bbsm_no_padding\u00bb][vc_column_inner width=\u00bb1\/3&#8243;][\/vc_column_inner][vc_column_inner width=\u00bb1\/3&#8243;][\/vc_column_inner][vc_column_inner width=\u00bb1\/3&#8243;][\/vc_column_inner][\/vc_row_inner][\/vc_column][\/vc_row][vc_row content_bg_color=\u00bbbg-grey\u00bb css=\u00bb.vc_custom_1680540859599{padding-top: 0px !important;padding-bottom: 0px !important;background-position: center !important;background-repeat: no-repeat !important;background-size: cover !important;}\u00bb][vc_column][vc_empty_space height=\u00bb75px\u00bb][vc_column_text] A continuaci\u00f3n se [&hellip;]<\/p>\n","protected":false},"author":1,"featured_media":0,"parent":0,"menu_order":0,"comment_status":"closed","ping_status":"closed","template":"","meta":{"_monsterinsights_skip_tracking":false,"_monsterinsights_sitenote_active":false,"_monsterinsights_sitenote_note":"","_monsterinsights_sitenote_category":0,"footnotes":""},"class_list":["post-887","page","type-page","status-publish","hentry"],"_links":{"self":[{"href":"https:\/\/jornadasaepdiri2023.com\/index.php\/wp-json\/wp\/v2\/pages\/887","targetHints":{"allow":["GET"]}}],"collection":[{"href":"https:\/\/jornadasaepdiri2023.com\/index.php\/wp-json\/wp\/v2\/pages"}],"about":[{"href":"https:\/\/jornadasaepdiri2023.com\/index.php\/wp-json\/wp\/v2\/types\/page"}],"author":[{"embeddable":true,"href":"https:\/\/jornadasaepdiri2023.com\/index.php\/wp-json\/wp\/v2\/users\/1"}],"replies":[{"embeddable":true,"href":"https:\/\/jornadasaepdiri2023.com\/index.php\/wp-json\/wp\/v2\/comments?post=887"}],"version-history":[{"count":34,"href":"https:\/\/jornadasaepdiri2023.com\/index.php\/wp-json\/wp\/v2\/pages\/887\/revisions"}],"predecessor-version":[{"id":1353,"href":"https:\/\/jornadasaepdiri2023.com\/index.php\/wp-json\/wp\/v2\/pages\/887\/revisions\/1353"}],"wp:attachment":[{"href":"https:\/\/jornadasaepdiri2023.com\/index.php\/wp-json\/wp\/v2\/media?parent=887"}],"curies":[{"name":"wp","href":"https:\/\/api.w.org\/{rel}","templated":true}]}}