{"id":879,"date":"2023-04-03T18:31:10","date_gmt":"2023-04-03T18:31:10","guid":{"rendered":"https:\/\/jornadasaepdiri2023.com\/?page_id=879"},"modified":"2023-06-28T08:50:43","modified_gmt":"2023-06-28T08:50:43","slug":"inscripcion","status":"publish","type":"page","link":"https:\/\/jornadasaepdiri2023.com\/index.php\/inscripcion\/","title":{"rendered":"Inscripci\u00f3n"},"content":{"rendered":"<section class=\"wpb-content-wrapper\"><p>[vc_row content_bg_color=\u00bbbg-grey\u00bb css=\u00bb.vc_custom_1680774385148{padding-top: 50px !important;padding-bottom: 30px !important;background-image: url(https:\/\/jornadasaepdiri2023.com\/wp-content\/uploads\/2023\/04\/Universidad-de-Las-Palmas-de-Gran-Canaria-2200-\u00d7-686-px-2.png?id=1090) !important;background-position: center !important;background-repeat: no-repeat !important;background-size: cover !important;}\u00bb][vc_column][vc_empty_space height=\u00bb75px\u00bb]       \n      <div class=\"mo-title-box title-box-style1  text-center\"  ><h3>Inscripci\u00f3n<\/h3> <\/div>\n    [vc_empty_space height=\u00bb75px\u00bb]     <div class=\"text-center \">\n       <a class=\"button btn-solid btn-txt-circle light hr_light bg_primary bg_hr_primary outline_grey outline_hr_grey medium radius5 roll\"  href=\"https:\/\/fpctserver.upe.ulpgc.es\/fpctcursos\/matricula.php?curso=FP-0259\" target=\"_blank\"><span class=\"button-text\">Inscr\u00edbete<\/span>\n                            <\/a> \n\t <\/div>\n    [vc_empty_space height=\u00bb75px\u00bb][\/vc_column][\/vc_row][vc_row][vc_column][vc_empty_space][vc_column_text]<\/p>\n<p style=\"font-weight: 400;\">La inscripci\u00f3n para asistir a las XXX Jornadas de la AEPDIRI se podr\u00e1 realizar a partir del 15 de abril de 2023 hasta el 13 de septiembre de 2023.<\/p>\n<p style=\"font-weight: 400;\">Los <strong>asistentes (sin presentaci\u00f3n de comunicaci\u00f3n\/taller\/p\u00f3ster) <\/strong>a las Jornadas no deben registrarse previamente en la p\u00e1gina web de las Jornadas para inscribirse en las mismas.<\/p>\n<p style=\"font-weight: 400;\">Quienes tengan intenci\u00f3n de presentar comunicaci\u00f3n deben registrarse a tal efecto en la zona privada. Para presentar propuesta de comunicaci\u00f3n\/propuesta\u00a0de participaci\u00f3n en el taller de doctorandos\/as y en la secci\u00f3n de p\u00f3ster no es imprescindible haberse inscrito en las jornadas, pero s\u00ed estar registrado en la zona privada.<\/p>\n<p style=\"font-weight: 400;\">No obstante, para inscribirse como <strong>participante (ponentes, moderadores\/as, comentaristas del taller de doctorandos, personas que presenten comunicaci\u00f3n\/taller\/p\u00f3ster) <\/strong>debe haber realizado el registro previo en la web de las Jornadas (en el \u201c\u00e1rea privada para participantes\u201d). Para realizar este registro no es imprescindible estar inscrito en las jornadas.<\/p>\n<p style=\"font-weight: 400;\">El plazo l\u00edmite para inscribirse es el 13 de septiembre.<\/p>\n<p>&nbsp;<\/p>\n<p style=\"font-weight: 400;\"><strong>CUOTA DE INSCRIPCI\u00d3N<\/strong><strong>\u00a0<\/strong><\/p>\n<p style=\"font-weight: 400;\">Dada la actual situaci\u00f3n de crisis econ\u00f3mica y la lejan\u00eda de las Islas Canarias, la organizaci\u00f3n de las Jornadas ha decidido mantener la misma cuota de inscripci\u00f3n de las anteriores Jornadas celebradas en Tarragona en el a\u00f1o 2021 para los miembros de la AEPDIRI.<\/p>\n<p style=\"font-weight: 400;\">En los siguientes casos los asistentes estar\u00e1n <strong>exentos<\/strong> del pago de la inscripci\u00f3n:<\/p>\n<ul>\n<li>Ponentes<\/li>\n<li>Moderadores<\/li>\n<li>Comentaristas del Taller de Doctorandos<\/li>\n<li>Comunicantes (requisito imprescindible que el comit\u00e9 cient\u00edfico haya <strong>ACEPTADO<\/strong> la propuesta de comunicaci\u00f3n con exposici\u00f3n oral)<\/li>\n<li>J\u00f3venes investigadores que participen en el Taller de Doctorandos (requisito imprescindible que el comit\u00e9 cient\u00edfico haya <strong>ACEPTADO<\/strong> la propuesta de participaci\u00f3n)<\/li>\n<\/ul>\n<table style=\"font-weight: 400;\" width=\"531\">\n<tbody>\n<tr>\n<td colspan=\"2\" width=\"531\"><strong>CUOTAS INSCRIPCI\u00d3N XXX JORNADAS AEPDIRI LAS PALMAS DE GRAN CANARIA 2023<\/strong><\/td>\n<\/tr>\n<tr>\n<td width=\"464\"><strong>Miembros<\/strong>\u00a0(y acompa\u00f1antes)\u00a0<strong>hasta el 20 de julio de 2023<\/strong><\/td>\n<td width=\"67\"><strong>\u00a0150 \u20ac<\/strong><\/td>\n<\/tr>\n<tr>\n<td width=\"464\"><strong>Miembros<\/strong>\u00a0(y acompa\u00f1antes)\u00a0<strong>despu\u00e9s del 20 de julio de 2023<\/strong><\/td>\n<td width=\"67\"><strong>\u00a0200 \u20ac<\/strong><\/td>\n<\/tr>\n<tr>\n<td width=\"464\"><strong>No miembros<\/strong>\u00a0de la AEPDIRI<\/td>\n<td width=\"67\"><strong>\u00a0250 \u20ac<\/strong><\/td>\n<\/tr>\n<tr>\n<td width=\"464\">Miembros de la AEPDIRI <strong>menores de 30 a\u00f1os<\/strong> (que acrediten tener 30 a\u00f1os o menos a la fecha de finalizaci\u00f3n de la jornada)<\/td>\n<td width=\"67\"><strong>\u00a0120 \u20ac<\/strong><\/td>\n<\/tr>\n<tr>\n<td colspan=\"2\" width=\"531\">El importe de la inscripci\u00f3n <strong>incluye:<\/strong><\/p>\n<p>&#8211;\u00a0\u00a0\u00a0\u00a0\u00a0\u00a0 la asistencia a las Jornadas<\/p>\n<p>&#8211;\u00a0\u00a0\u00a0\u00a0\u00a0\u00a0 la recepci\u00f3n del material de trabajo de las jornadas<\/p>\n<p>&#8211;\u00a0\u00a0\u00a0\u00a0\u00a0\u00a0 el refrigerio del Taller de Doctorandos<\/p>\n<p>&#8211;\u00a0\u00a0\u00a0\u00a0\u00a0\u00a0 los refrigerios durante la pausa de las sesiones<\/p>\n<p>&#8211;\u00a0\u00a0\u00a0\u00a0\u00a0\u00a0 los almuerzos de jueves y viernes<\/p>\n<p>&#8211;\u00a0\u00a0\u00a0\u00a0\u00a0\u00a0 la cena de gala del viernes (sin coste adicional)<\/p>\n<p>&#8211;\u00a0\u00a0\u00a0\u00a0\u00a0\u00a0 las actividades de la agenda social desde el jueves hasta el domingo hasta completar aforo<\/td>\n<\/tr>\n<\/tbody>\n<\/table>\n<p style=\"font-weight: 400;\">Pol\u00edtica de cancelaci\u00f3n\/devoluci\u00f3n del importe de la inscripci\u00f3n de las Jornadas: \u00fanicamente proceder\u00e1 en caso de causa debidamente justificada, valorada por el comit\u00e9 organizador de la AEPDIRI.<\/p>\n<p style=\"font-weight: 400;\"><strong>\u00a0<\/strong><\/p>\n<p style=\"font-weight: 400;\"><strong>ABONO DE LA CUOTA<\/strong><\/p>\n<p style=\"font-weight: 400;\"><strong>La cuota se abonar\u00e1 a trav\u00e9s de la siguiente pasarela de pago de la Fundaci\u00f3n Parque Cient\u00edfico Tecnol\u00f3gico de la Universidad de Las Palmas de Gran Canaria, disponible en el siguiente enlace:<\/strong><\/p>\n<p>[\/vc_column_text][vc_empty_space]     <div class=\"text-center \">\n       <a class=\"button btn-solid btn-txt-circle light hr_light bg_primary bg_hr_primary outline_grey outline_hr_grey medium radius5 roll\"  href=\"https:\/\/fpctserver.upe.ulpgc.es\/fpctcursos\/matricula.php?curso=FP-0259\" target=\"_blank\"><span class=\"button-text\">INSCRIPCI\u00d3N<\/span>\n                            <\/a> \n\t <\/div>\n    [vc_empty_space][vc_column_text]<\/p>\n<p style=\"font-weight: 400;\">Para proceder al pago de esta matr\u00edcula, adem\u00e1s de cumplimentar sus datos personales y datos de facturaci\u00f3n, deber\u00e1 realizar el pago por el importe correspondiente mencionando claramente en el concepto \u201cFP-0259_NOMBRE COMPLETO DEL ASISTENTE\u201d.<\/p>\n<p>Tenga en cuenta que durante el proceso debe disponer <strong>del justificante bancario del pago por tarjeta, transferencia bancaria o ingreso en cuenta<\/strong> y el <strong>DNI escaneado por ambas caras <\/strong>en un \u00fanico documento.<\/p>\n<p>&nbsp;<\/p>\n<p style=\"font-weight: 400;\"><strong>EMISI\u00d3N DE FACTURAS \u00a0<\/strong><\/p>\n<p style=\"font-weight: 400;\">Dentro de la p\u00e1gina de la Fundaci\u00f3n Parque Cient\u00edfico Tecnol\u00f3gico de la Universidad de Las Palmas de Gran Canaria tiene la opci\u00f3n de que la factura de la cuota de la inscripci\u00f3n se emita con sus datos personales o con los datos de una Universidad o instituci\u00f3n, en cuyo caso deber\u00e1 facilitar la raz\u00f3n social, el CIF y la direcci\u00f3n de la misma.<\/p>\n<p>&nbsp;<\/p>\n<p style=\"font-weight: 400;\"><strong>CONTACTO<\/strong><strong>\u00a0<\/strong><\/p>\n<p style=\"font-weight: 400;\">Si tiene alg\u00fan problema t\u00e9cnico durante la realizaci\u00f3n de su preinscripci\u00f3n puede ponerse en contacto con la Fundaci\u00f3n Parque Cient\u00edfico Tecnol\u00f3gico de la Universidad de Las Palmas de Gran Canaria a trav\u00e9s del correo electr\u00f3nico siguiente: \u00a0<a href=\"mailto:formacion@fpct.ulpgc.es\">formacion@fpct.ulpgc.es<\/a><\/p>\n<p style=\"font-weight: 400;\">Si tiene cualquier duda sobre la inscripci\u00f3n, le rogamos que se ponga en contacto con la organizaci\u00f3n de las Jornada a trav\u00e9s del correo electr\u00f3nico siguiente: <a href=\"mailto:jornadasordinarias2023@aepdiri.org\">jornadasordinarias2023@aepdiri.org<\/a><\/p>\n<p>[\/vc_column_text][vc_empty_space][\/vc_column][\/vc_row]<\/p>\n<\/section>","protected":false},"excerpt":{"rendered":"<p>[vc_row content_bg_color=\u00bbbg-grey\u00bb css=\u00bb.vc_custom_1680774385148{padding-top: 50px !important;padding-bottom: 30px !important;background-image: url(https:\/\/jornadasaepdiri2023.com\/wp-content\/uploads\/2023\/04\/Universidad-de-Las-Palmas-de-Gran-Canaria-2200-\u00d7-686-px-2.png?id=1090) !important;background-position: center !important;background-repeat: no-repeat !important;background-size: cover !important;}\u00bb][vc_column][vc_empty_space height=\u00bb75px\u00bb][vc_empty_space height=\u00bb75px\u00bb][vc_empty_space height=\u00bb75px\u00bb][\/vc_column][\/vc_row][vc_row][vc_column][vc_empty_space][vc_column_text] La inscripci\u00f3n para asistir a las XXX Jornadas de la AEPDIRI se podr\u00e1 realizar a partir del 15 de abril de 2023 hasta el 13 de septiembre de 2023. Los asistentes (sin presentaci\u00f3n de comunicaci\u00f3n\/taller\/p\u00f3ster) a las [&hellip;]<\/p>\n","protected":false},"author":1,"featured_media":0,"parent":0,"menu_order":0,"comment_status":"closed","ping_status":"closed","template":"","meta":{"_monsterinsights_skip_tracking":false,"_monsterinsights_sitenote_active":false,"_monsterinsights_sitenote_note":"","_monsterinsights_sitenote_category":0,"footnotes":""},"class_list":["post-879","page","type-page","status-publish","hentry"],"_links":{"self":[{"href":"https:\/\/jornadasaepdiri2023.com\/index.php\/wp-json\/wp\/v2\/pages\/879","targetHints":{"allow":["GET"]}}],"collection":[{"href":"https:\/\/jornadasaepdiri2023.com\/index.php\/wp-json\/wp\/v2\/pages"}],"about":[{"href":"https:\/\/jornadasaepdiri2023.com\/index.php\/wp-json\/wp\/v2\/types\/page"}],"author":[{"embeddable":true,"href":"https:\/\/jornadasaepdiri2023.com\/index.php\/wp-json\/wp\/v2\/users\/1"}],"replies":[{"embeddable":true,"href":"https:\/\/jornadasaepdiri2023.com\/index.php\/wp-json\/wp\/v2\/comments?post=879"}],"version-history":[{"count":13,"href":"https:\/\/jornadasaepdiri2023.com\/index.php\/wp-json\/wp\/v2\/pages\/879\/revisions"}],"predecessor-version":[{"id":1410,"href":"https:\/\/jornadasaepdiri2023.com\/index.php\/wp-json\/wp\/v2\/pages\/879\/revisions\/1410"}],"wp:attachment":[{"href":"https:\/\/jornadasaepdiri2023.com\/index.php\/wp-json\/wp\/v2\/media?parent=879"}],"curies":[{"name":"wp","href":"https:\/\/api.w.org\/{rel}","templated":true}]}}