{"id":814,"date":"2023-04-03T17:28:10","date_gmt":"2023-04-03T17:28:10","guid":{"rendered":"https:\/\/jornadasaepdiri2023.com\/?page_id=814"},"modified":"2023-04-11T14:45:58","modified_gmt":"2023-04-11T14:45:58","slug":"posteres","status":"publish","type":"page","link":"https:\/\/jornadasaepdiri2023.com\/index.php\/posteres\/","title":{"rendered":"P\u00f3steres"},"content":{"rendered":"<section class=\"wpb-content-wrapper\"><p>[vc_row content_bg_color=\u00bbbg-grey\u00bb css=\u00bb.vc_custom_1680774317093{padding-top: 50px !important;padding-bottom: 30px !important;background-image: url(https:\/\/jornadasaepdiri2023.com\/wp-content\/uploads\/2023\/04\/Universidad-de-Las-Palmas-de-Gran-Canaria-2200-\u00d7-686-px-3.png?id=1091) !important;background-position: center !important;background-repeat: no-repeat !important;background-size: cover !important;}\u00bb][vc_column][vc_empty_space height=\u00bb75px\u00bb]       \n      <div class=\"mo-title-box title-box-style1  text-center\"  ><h3>Call P\u00f3steres<\/h3> <\/div>\n    [vc_empty_space height=\u00bb75px\u00bb][vc_row_inner css=\u00bb.vc_custom_1596917051092{padding-top: 15px !important;padding-right: 10% !important;padding-left: 10% !important;}\u00bb el_class=\u00bbsm_no_padding\u00bb][vc_column_inner width=\u00bb1\/2&#8243; parallax_animation=\u00bbyes\u00bb scale_from_x=\u00bb1&#8243; scale_from_y=\u00bb1&#8243; scale_from_z=\u00bb1&#8243; from_opacity=\u00bb1&#8243; scale_to_x=\u00bb1&#8243; scale_to_y=\u00bb1&#8243; scale_to_z=\u00bb1&#8243; to_opacity=\u00bb1&#8243; translate_from_y=\u00bb42&#8243; translate_to_y=\u00bb-88&#8243;]     <div class=\"text-center \">\n       <a class=\"button btn-solid btn-txt-circle light hr_light bg_primary bg_hr_dark outline_grey outline_hr_grey medium radius5 roll\"  href=\"https:\/\/jornadasaepdiri2023.com\/wp-content\/uploads\/2023\/04\/CALL-POSTERES-espanol.pdf\" target=\"_self\"><span class=\"button-text\">Descargar<\/span>\n                            <\/a> \n\t <\/div>\n    [\/vc_column_inner][vc_column_inner width=\u00bb1\/2&#8243; parallax_animation=\u00bbyes\u00bb scale_from_x=\u00bb1&#8243; scale_from_y=\u00bb1&#8243; scale_from_z=\u00bb1&#8243; from_opacity=\u00bb1&#8243; scale_to_x=\u00bb1&#8243; scale_to_y=\u00bb1&#8243; scale_to_z=\u00bb1&#8243; to_opacity=\u00bb1&#8243; translate_from_y=\u00bb57&#8243; translate_to_y=\u00bb-119&#8243;]     <div class=\"text-center \">\n       <a class=\"button btn-solid btn-txt-circle light hr_light bg_primary bg_hr_dark outline_grey outline_hr_grey medium radius5 roll\"  href=\"https:\/\/jornadasaepdiri2023.com\/wp-content\/uploads\/2023\/04\/CALL-POSTER-INGLES.pdf\" target=\"_self\"><span class=\"button-text\">Download<\/span>\n                            <\/a> \n\t <\/div>\n    [\/vc_column_inner][\/vc_row_inner][\/vc_column][\/vc_row][vc_row][vc_column][vc_empty_space height=\u00bb75px\u00bb][vc_column_text]<\/p>\n<h3 style=\"font-weight: 400; text-align: center;\"><strong>Difusi\u00f3n de la actividad investigadora de la AEPDIRI. Secci\u00f3n de p\u00f3steres<\/strong><\/h3>\n<ol style=\"font-weight: 400;\">\n<li><strong>PRESENTACI\u00d3N<\/strong><\/li>\n<\/ol>\n<p style=\"font-weight: 400;\">La organizaci\u00f3n de las XXX Jornadas de la Asociaci\u00f3n Espa\u00f1ola de Profesores de Derecho internacional y Relaciones Internacionales desea convertir la reuni\u00f3n de septiembre de 2023 en un foro de difusi\u00f3n de las actividades y resultados de la investigaci\u00f3n en Derecho Internacional, Derecho de la Uni\u00f3n Europea y Relaciones Internacionales, poniendo en marcha una Secci\u00f3n de p\u00f3steres.<\/p>\n<p style=\"font-weight: 400;\">De acuerdo con ello, se invita a los\/las miembros de la AEPDIRI a expresar de forma gr\u00e1fica en un p\u00f3ster sus actividades y resultados en el marco de proyectos de investigaci\u00f3n activos o que lo hayan estado en los \u00faltimos dos a\u00f1os.<\/p>\n<p style=\"font-weight: 400;\">Los\/las miembros de la Asociaci\u00f3n que deseen enviar sus p\u00f3steres (uno por proyecto) deber\u00e1n estar inscritos\/as en las Jornadas.<\/p>\n<ol start=\"2\">\n<li><strong>ENV\u00cdO DE LOS P\u00d3STERES<\/strong><\/li>\n<\/ol>\n<p style=\"font-weight: 400;\">Las caracter\u00edsticas de los p\u00f3steres ser\u00e1n las siguientes: tama\u00f1o A1, vertical, en color. Se enviar\u00e1n a la organizaci\u00f3n en formato digital (un archivo PDF). Su contenido atender\u00e1 a las recomendaciones que constan en el documento \u201cContenido-P\u00f3steres\u201d, y estar\u00e1 organizado en cuatro categor\u00edas:<\/p>\n<ol style=\"font-weight: 400;\">\n<li>Datos del proyecto<\/li>\n<li>Personal activo<\/li>\n<li>Resumen<\/li>\n<li>Progreso y resultados<\/li>\n<\/ol>\n<p style=\"font-weight: 400;\">Los p\u00f3steres se enviar\u00e1n a trav\u00e9s del \u00e1rea privada de la p\u00e1gina web antes del 5 de septiembre, previo registro en la en la secci\u00f3n destinada al efecto. En este sentido, la voluntad de env\u00edo de p\u00f3ster se deber\u00e1 comunicar a trav\u00e9s del \u00e1rea privada antes del 20 de julio de 2023.<\/p>\n<ol start=\"3\">\n<li><strong>CUADRO DE FECHAS RELEVANTES<\/strong><\/li>\n<\/ol>\n<p style=\"font-weight: 400;\">Registro de la voluntad de enviar un p\u00f3ster: antes de 20 de julio de 2023.<\/p>\n<p style=\"font-weight: 400;\">Env\u00edo del p\u00f3ster: antes del 5 de septiembre de 2023.<\/p>\n<p>[\/vc_column_text][\/vc_column][\/vc_row]<\/p>\n<\/section>","protected":false},"excerpt":{"rendered":"<p>[vc_row content_bg_color=\u00bbbg-grey\u00bb css=\u00bb.vc_custom_1680774317093{padding-top: 50px !important;padding-bottom: 30px !important;background-image: url(https:\/\/jornadasaepdiri2023.com\/wp-content\/uploads\/2023\/04\/Universidad-de-Las-Palmas-de-Gran-Canaria-2200-\u00d7-686-px-3.png?id=1091) !important;background-position: center !important;background-repeat: no-repeat !important;background-size: cover !important;}\u00bb][vc_column][vc_empty_space height=\u00bb75px\u00bb][vc_empty_space height=\u00bb75px\u00bb][vc_row_inner css=\u00bb.vc_custom_1596917051092{padding-top: 15px !important;padding-right: 10% !important;padding-left: 10% !important;}\u00bb el_class=\u00bbsm_no_padding\u00bb][vc_column_inner width=\u00bb1\/2&#8243; parallax_animation=\u00bbyes\u00bb scale_from_x=\u00bb1&#8243; scale_from_y=\u00bb1&#8243; scale_from_z=\u00bb1&#8243; from_opacity=\u00bb1&#8243; scale_to_x=\u00bb1&#8243; scale_to_y=\u00bb1&#8243; scale_to_z=\u00bb1&#8243; to_opacity=\u00bb1&#8243; translate_from_y=\u00bb42&#8243; translate_to_y=\u00bb-88&#8243;][\/vc_column_inner][vc_column_inner width=\u00bb1\/2&#8243; parallax_animation=\u00bbyes\u00bb scale_from_x=\u00bb1&#8243; scale_from_y=\u00bb1&#8243; scale_from_z=\u00bb1&#8243; from_opacity=\u00bb1&#8243; scale_to_x=\u00bb1&#8243; scale_to_y=\u00bb1&#8243; scale_to_z=\u00bb1&#8243; to_opacity=\u00bb1&#8243; translate_from_y=\u00bb57&#8243; translate_to_y=\u00bb-119&#8243;][\/vc_column_inner][\/vc_row_inner][\/vc_column][\/vc_row][vc_row][vc_column][vc_empty_space height=\u00bb75px\u00bb][vc_column_text] Difusi\u00f3n de la actividad investigadora [&hellip;]<\/p>\n","protected":false},"author":1,"featured_media":0,"parent":0,"menu_order":0,"comment_status":"closed","ping_status":"closed","template":"","meta":{"_monsterinsights_skip_tracking":false,"_monsterinsights_sitenote_active":false,"_monsterinsights_sitenote_note":"","_monsterinsights_sitenote_category":0,"footnotes":""},"class_list":["post-814","page","type-page","status-publish","hentry"],"_links":{"self":[{"href":"https:\/\/jornadasaepdiri2023.com\/index.php\/wp-json\/wp\/v2\/pages\/814","targetHints":{"allow":["GET"]}}],"collection":[{"href":"https:\/\/jornadasaepdiri2023.com\/index.php\/wp-json\/wp\/v2\/pages"}],"about":[{"href":"https:\/\/jornadasaepdiri2023.com\/index.php\/wp-json\/wp\/v2\/types\/page"}],"author":[{"embeddable":true,"href":"https:\/\/jornadasaepdiri2023.com\/index.php\/wp-json\/wp\/v2\/users\/1"}],"replies":[{"embeddable":true,"href":"https:\/\/jornadasaepdiri2023.com\/index.php\/wp-json\/wp\/v2\/comments?post=814"}],"version-history":[{"count":12,"href":"https:\/\/jornadasaepdiri2023.com\/index.php\/wp-json\/wp\/v2\/pages\/814\/revisions"}],"predecessor-version":[{"id":1121,"href":"https:\/\/jornadasaepdiri2023.com\/index.php\/wp-json\/wp\/v2\/pages\/814\/revisions\/1121"}],"wp:attachment":[{"href":"https:\/\/jornadasaepdiri2023.com\/index.php\/wp-json\/wp\/v2\/media?parent=814"}],"curies":[{"name":"wp","href":"https:\/\/api.w.org\/{rel}","templated":true}]}}